?
6
What is the thousands digit of 4448133?
8
What is the tens digit of 16027420?
2
What is the hundred thousands digit of 7717721?
7
What is the ten thousands digit of 782573?
8
What is the thousands digit of 17049922?
9
What is the ten thousands digit of 3140617?
4
What is the tens digit of 204395?
9
What is the ten thousands digit of 1494550?
9
What is the ten thousands digit of 5190322?
9
What is the units digit of 64005?
5
What is the ten thousands digit of 19070463?
7
What is the ten thousands digit of 1930593?
3
What is the hundred thousands digit of 700534?
7
What is the units digit of 365050?
0
What is the tens digit of 939446?
4
What is the thousands digit of 17612990?
2
What is the tens digit of 1821793?
9
What is the tens digit of 1524409?
0
What is the hundreds digit of 1048070?
0
What is the thousands digit of 489849?
9
What is the ten thousands digit of 407649?
0
What is the tens digit of 140250?
5
What is the thousands digit of 2012897?
2
What is the hundred thousands digit of 388950?
3
What is the ten thousands digit of 11714?
1
What is the units digit of 14595035?
5
What is the hundred thousands digit of 323511?
3
What is the thousands digit of 1599086?
9
What is the tens digit of 37351715?
1
What is the thousands digit of 2239129?
9
What is the thousands digit of 6378741?
8
What is the units digit of 445935?
5
What is the units digit of 172283?
3
What is the millions digit of 3294754?
3
What is the units digit of 436431?
1
What is the thousands digit of 358683?
8
What is the hundred thousands digit of 18010325?
0
What is the millions digit of 8092146?
8
What is the thousands digit of 5188403?
8
What is the thousands digit of 1989217?
9
What is the ten millions digit of 14209308?
1
What is the hundred thousands digit of 270089?
2
What is the hundreds digit of 74433?
4
What is the ten millions digit of 21560251?
2
What is the thousands digit of 576579?
6
What is the tens digit of 1071778?
7
What is the ten millions digit of 11419885?
1
What is the thousands digit of 148072?
8
What is the thousands digit of 179353?
9
What is the millions digit of 2006401?
2
What is the millions digit of 3122875?
3
What is the ten thousands digit of 249158?
4
What is the ten thousands digit of 1314727?
1
What is the hundred thousands digit of 15554307?
5
What is the units digit of 12924619?
9
What is the units digit of 1346561?
1
What is the hundred thousands digit of 316223?
3
What is the thousands digit of 1305328?
5
What is the tens digit of 355824?
2
What is the hundred thousands digit of 296636?
2
What is the millions digit of 3388328?
3
What is the units digit of 1648545?
5
What is the units digit of 1521229?
9
What is the tens digit of 607709?
0
What is the thousands digit of 221816?
1
What is the units digit of 1324?
4
What is the hundred thousands digit of 927093?
9
What is the millions digit of 9024483?
9
What is the tens digit of 1901109?
0
What is the units digit of 4165244?
4
What is the ten thousands digit of 1512191?
1
What is the ten thousands digit of 37969?
3
What is the units digit of 204565?
5
What is the ten thousands digit of 12282688?
8
What is the ten thousands digit of 2523492?
2
What is the units digit of 1942828?
8
What is the units digit of 985576?
6
What is the tens digit of 16224701?
0
What is the hundreds digit of 375573?
5
What is the hundred thousands digit of 17147052?
1
What is the thousands digit of 26987310?
7
What is the units digit of 164090?
0
What is the hundred thousands digit of 876237?
8
What is the hundreds digit of 136519?
5
What is the hundred thousands digit of 644761?
6
What is the millions digit of 12114516?
2
What is the thousands digit of 2807973?
7
What is the tens digit of 1683010?
1
What is the hundreds digit of 116197?
1
What is the tens digit of 158923?
2
What is the millions digit of 7953809?
7
What is the hundreds digit of 214253?
2
What is the hundreds digit of 170555?
5
What is the thousands digit of 1760020?
0
What is the tens digit of 439492?
9
What is the tens digit of 673977?
7
What is the hundreds digit of 1092412?
4
What is the tens digit of 79636?
3
What is the hundreds digit of 220081?
0
What is the tens digit of 1941700?
0
What is the hundred thousands digit of 196035?
1
What is the tens digit of 6025185?
8
What is the thousands digit of 192629?
2
What is the ten thousands digit of 4030474?
3
What is the ten thousands digit of 13220339?
2
What is the ten thousands digit of 1378183?
7
What is the thousands digit of 70645?
0
What is the tens digit of 4916522?
2
What is the ten thousands digit of 1348181?
4
What is the ten millions digit of 10880902?
1
What is the thousands digit of 6745300?
5
What is the tens digit of 1054377?
7
What is the thousands digit of 27561?
7
What is the ten thousands digit of 91046?
9
What is the ten thousands digit of 489466?
8
What is the thousands digit of 71897?
1
What is the ten thousands digit of 468082?
6
What is the units digit of 234325?
5
What is the units digit of 5774?
4
What is the millions digit of 5289613?
5
What is the hundreds digit of 394819?
8
What is the ten thousands digit of 366495?
6
What is the hundred thousands digit of 140685?
1
What is the hundred thousands digit of 10004913?
0
What is the hundreds digit of 6056?
0
What is the ten thousands digit of 787163?
8
What is the hundred thousands digit of 493473?
4
What is the ten thousands digit of 1050566?
5
What is the tens digit of 162699?
9
What is the ten thousands digit of 158184?
5
What is the ten thousands digit of 267264?
6
What is the hundred thousands digit of 1022927?
0
What is the thousands digit of 832155?
2
What is the thousands digit of 3622999?
2
What is the units digit of 12242227?
7
What is the hundreds digit of 325082?
0
What is the tens digit of 373294?
9
What is the units digit of 3629085?
5
What is the tens digit of 194623?
2
What is the hundred thousands digit of 3574924?
5
What is the tens digit of 1892463?
6
What is the hundreds digit of 683908?
9
What is the hundreds digit of 13064?
0
What is the thousands digit of 15070?
5
What is the hundreds digit of 11521327?
3
What is the hundreds digit of 6160252?
2
What is the tens digit of 125613?
1
What is the millions digit of 12580482?
2
What is the millions digit of 1033272?
1
What is the units digit of 10616?
6
What is the thousands digit of 6179722?
9
What is the thousands digit of 3856101?
6
What is the units digit of 260563?
3
What is the ten millions digit of 15835679?
1
What is the units digit of 123754?
4
What is the thousands digit of 971950?
1
What is the thousands digit of 4730138?
0
What is the hundred thousands digit of 9409798?
4
What is the units digit of 513597?
7
What is the hundreds digit of 1677096?
0
What is the tens digit of 403561?
6
What is the units digit of 9521895?
5
What is the hundreds digit of 546?
5
What is the ten thousands digit of 2626203?
2
What is the hundred thousands digit of 3587196?
5
What is the ten thousands digit of 4110576?
1
What is the tens digit of 571525?
2
What is the units digit of 1091514?
4
What is the units digit of 12975284?
4
What is the hundred thousands digit of 1845431?
8
What is the thousands digit of 2964866?
4
What is the ten millions digit of 27885282?
2
What is the millions digit of 2146112?
2
What is the ten thousands digit of 26067334?
6
What is the tens digit of 4532823?
2
What is the ten thousands digit of 3663977?
6
What is the thousands digit of 226797?
6
What is the hundreds digit of 259952?
9
What is the hundred thousands digit of 3020557?
0
What is the hundred thousands digit of 6845411?
8
What is the millions digit of 1272789?
1
What is the units digit of 756528?
8
What is the tens digit of 20560321?
2
What is the hundreds digit of 579330?
3
What is the tens digit of 1932379?
7
What is the tens digit of 597678?
7
What is the hundred thousands digit of 309661?
3
What is the thousands digit of 1805665?
5
What is the thousands digit of 1001247?
1
What is the thousands digit of 292808?
2
What is the millions digit of 3957092?
3
What is the thousands digit of 30882710?
2
What is the thousands digit of 17446050?
6
What is the tens digit of 26640215?
1
What is the ten thousands digit of 71779?
7
What is the tens digit of 225243?
4
What is the 